a prime number?
False
Is 7744669 composite?
False
Is 5985947 prime?
False
Is 911674597 a prime number?
True
Is 854596411 prime?
False
Is 26766119 a prime number?
True
Is 639948371 a composite number?
False
Is 268403761 a composite number?
False
Is 295745377 a composite number?
False
Is 88678297 composite?
True
Is 50004791 composite?
False
Is 60147869 composite?
True
Is 16171951 a composite number?
False
Is 23903599 composite?
False
Is 7901381 a composite number?
False
Is 2975957 a composite number?
False
Is 1766909 a prime number?
False
Is 100749359 a prime number?
False
Is 12081197 a prime number?
False
Is 833229587 a prime number?
True
Is 28595759 prime?
True
Is 10857433 a prime number?
True
Is 1233794 composite?
True
Is 421874617 composite?
False
Is 4989053 composite?
False
Is 55041827 composite?
True
Is 12702155 a prime number?
False
Is 79678043 a composite number?
False
Is 2519453 composite?
False
Is 356062441 a composite number?
True
Is 761679689 a prime number?
True
Is 5492731 composite?
False
Is 1664701 a prime number?
True
Is 8653847 prime?
True
Is 3798941 a prime number?
True
Is 54083 a prime number?
True
Is 26496073 prime?
True
Is 224359189 prime?
False
Is 829013 prime?
True
Is 1945957 a prime number?
False
Is 41845523 prime?
False
Is 14759439 a composite number?
True
Is 3050363 a prime number?
True
Is 16253149 a composite number?
True
Is 5908603 a prime number?
True
Is 881849 prime?
True
Is 1034651837 a prime number?
True
Is 677681249 a prime number?
False
Is 505811 composite?
False
Is 27671057 composite?
True
Is 57719311 prime?
False
Is 4451479 a prime number?
True
Is 1609219 prime?
True
Is 28585099 composite?
True
Is 169030283 a prime number?
False
Is 16099829 prime?
False
Is 162194561 prime?
True
Is 130069 a prime number?
True
Is 257928323 a composite number?
False
Is 160330201 composite?
True
Is 16117763 prime?
True
Is 2080263 a composite number?
True
Is 163656239 prime?
False
Is 424627097 prime?
True
Is 62823181 composite?
False
Is 10425439 a composite number?
True
Is 31929731 a composite number?
False
Is 5411477 a composite number?
False
Is 207493093 prime?
False
Is 16498969 a composite number?
False
Is 473521 prime?
False
Is 388847933 prime?
True
Is 15468459 a prime number?
False
Is 116006146 a prime number?
False
Is 4774699 a composite number?
False
Is 18870521 prime?
True
Is 21075233 a composite number?
True
Is 14733319 a composite number?
False
Is 7758371 composite?
False
Is 5011431 prime?
False
Is 4832617 prime?
False
Is 4532806 a prime number?
False
Is 34702477 composite?
False
Is 200251 a composite number?
True
Is 4032017 composite?
True
Is 62537311 composite?
True
Is 4901471 a prime number?
True
Is 58950277 a prime number?
True
Is 10344527 composite?
False
Is 622061021 prime?
True
Is 2812663 a prime number?
False
Is 32470957 prime?
True
Is 976799 prime?
True
Is 148070089 a composite number?
True
Is 61074155 a composite number?
True
Is 2060021 a prime number?
True
Is 576287 a prime number?
True
Is 4009847 a composite number?
True
Is 33617107 composite?
True
Is 5911709 composite?
False
Is 3879101 composite?
False
Is 44481061 a composite number?
True
Is 2136097 a prime number?
False
Is 27965557 composite?
False
Is 13995961 composite?
True
Is 51537803 composite?
True
Is 12602537 prime?
True
Is 15195553 a composite number?
False
Is 685931 prime?
False
Is 10500853 a prime number?
False
Is 12984159 composite?
True
Is 4261583 a composite number?
False
Is 26805053 a composite number?
True
Is 4378697 composite?
False
Is 24588943 a prime number?
False
Is 1349617 composite?
True
Is 11974279 prime?
True
Is 151839547 composite?
False
Is 7637963 prime?
False
Is 66694081 a composite number?
True
Is 20260031 a composite number?
True
Is 119642843 prime?
False
Is 51354109 prime?
True
Is 24551617 a prime number?
True
Is 274373 a composite number?
True
Is 2584823 prime?
False
Is 7219213 a composite number?
False
Is 3118691 composite?
False
Is 4931383 composite?
True
Is 5511322 a composite number?
True
Is 896417 prime?
True
Is 100235063 prime?
True
Is 114762097 a prime number?
True
Is 8301809 a prime number?
False
Is 24292795 a composite number?
True
Is 420773 a composite number?
True
Is 6742859 a prime number?
True
Is 4949803 prime?
False
Is 118826251 a composite number?
False
Is 115037501 prime?
True
Is 99401011 composite?
False
Is 9407429 composite?
True
Is 90353 a composite number?
False
Is 1349489 a prime number?
False
Is 13555097 a composite number?
False
Is 9764387 prime?
False
Is 137351923 prime?
False
Is 14817769 a prime number?
False
Is 57152451 a composite number?
True
Is 12364351 a composite number?
False
Is 165811 a composite number?
False
Is 2500289 prime?
False
Is 4146859 prime?
True
Is 1037741 a prime number?
True
Is 255366445 prime?
False
Is 11025199 composite?
False
Is 1273601 prime?
False
Is 96845797 composite?
True
Is 90507893 a prime number?
False
Is 22930489 a prime number?
True
Is 272057887 prime?
False
Is 13336894 a composite number?
True
Is 204881777 composite?
True
Is 362321 prime?
False
Is 15895189 a prime number?
False
Is 131815169 a prime number?
True
Is 861239 prime?
True
Is 7317217 prime?
False
Is 16831583 a prime number?
True
Is 1309327 prime?
False
Is 5367151 composite?
True
Is 1132627 composite?
False
Is 32939249 prime?
False
Is 2325677 a prime number?
True
Is 6072691 a prime number?
False
Is 3390209 a composite number?
False
Is 86969723 composite?
True
Is 397706293 a prime number?
True
Is 2848523 prime?
False
Is 9049982 a composite number?
True
Is 9441529 prime?
True
Is 23117063 a prime number?
False
Is 11662457 a prime number?
True
Is 41860297 a prime number?
True
Is 76509521 a composite number?
True
Is 490961 a composite number?
True
Is 831366157 a composite number?
False
Is 20190421 a composite number?
False
Is 1029557 a prime number?
False
Is 128873 composite?
False
Is 7743259 composite?
True
Is 12686257 composite?
True
Is 8434711 composite?
True
Is 10901003 a prime number?
False
Is 4495219 a prime number?
True
Is 1115831 a composite number?
False
Is 24252167 a composite number?
True
Is 1234316339 composite?
True
Is 883293 a prime number?
False
Is 1582877 a composite number?
False
Is 6586271 a prime number?
True
Is 6187953 prime?
False
Is 19737857 prime?
False
Is 626221781 prime?
False
Is 1311689 a composite number?
False
Is 12042469 prime?
True
Is 948113 composite?
True
Is 11402863 a prime number?
True
Is 13139723 a composite number?
False
Is 172671263 prime?
False
Is 12848659 a composite number?
False
Is 2176309 prime?
True
Is 50063 a composite number?
True
Is 455209 a prime number?
False
Is 1922885 composite?
True
Is 12914059 composite?
False
Is 2321323 prime?
False
Is 8706823 a composite number?
False
Is 1428061 a composite number?
True
Is 145865561 composite?
True
Is 199527751 a prime number?
False
Is 5919845 composite?
True
Is 4983803 composite?
True
Is 31200905 a composite number?
True
Is 2421853 composite?
True
Is 12451 a composite number?
False
Is 4202567 composite?
False
Is 4331939 prime?
True
Is 10589663 composite?
True
Is 9712309 composite?
False
Is 1456739 composite?
False
Is 2191439 prime?
False
Is 35369437 a prime number?
True
Is 8478493 composite?
False
Is 15427869 a prime number?
False
Is 20330369 a prime number?
True
Is 330465299 a prime number?
False
Is 73666265 composite?
True
Is 1191823 a prime number?
False
Is 1023863 a prime number?
False
Is 35470031 composite?
False
Is 12957038 a prime number?
False
Is 1354123 a prime number?
False
Is 9465877 composite?
True
Is 18910081 a composite number?
True
Is 351529 a composite number?
False
Is 19790569 a prime number?
True
Is 100290869 a prime number?
False
Is 1663579 a composite number?
False
Is 52518723 composite?
True
Is 4455611 prime?
True
Is 6205007 a composite number?
False
Is 1428058 composite?
True
Is 10057343 a composite number?
True
Is 2982799 composite?
False
Is 465977 composite?
False
Is 155116933 a prime number?
True
Is 14217949 composite?
False
Is 33335321 composite?
False
Is 6786643 a prime number?
True
Is 12480677 prime?
False
Is 17433947 a prime number?
True
Is 84262369 a prime number?
True
Is 76313553 prime?
False
Is 199018669 prime?
False
Is 347801 a prime number?
True
Is 93386809 a composite number?
True
Is 997961